d by 75?
66
Suppose 339 = 8*i - 5*i. Suppose 85 = -n + i. Calculate the remainder when n is divided by 17.
11
Suppose 7*m + 22*m = 4118. What is the remainder when m is divided by 12?
10
Suppose 5*y + d - 229 = 0, -3*y - 4*d + 140 = -6*d. Suppose -39*l + y*l = 910. Calculate the remainder when l is divided by 33.
31
Suppose -173 = -2*x - 2*z + 185, -3*x + 533 = -z. What is the remainder when x is divided by 5?
3
Suppose 6 = -7*c - 15. Suppose 3*u - 11 = -2. Calculate the remainder when 64 is divided by (6 + c)/u + 21.
20
Let a = 13 - 11. Suppose 9 - 63 = -a*o. Let g = o - 10. What is the remainder when 66 is divided by g?
15
Suppose 6*f - 270 = -0*f. Let a = f + -25. Calculate the remainder when a is divided by 1 - 2 - -8*1.
6
Let w = 23 + -105. Let q = 7 - w. What is the remainder when q is divided by 18?
17
What is the remainder when 93 is divided by 8/5 - (-10)/25 - -4?
3
Let t(j) = -j**2 - 18*j - 16. Let z(u) = -u + 12. Let f be z(8). Suppose f*c - 188 = -0*c. Calculate the remainder when c is divided by t(-16).
15
Let q(d) = 27*d - 165. Calculate the remainder when 69 is divided by q(7).
21
Let g(m) = m + 6. Let n be g(-3). Suppose -2*u - 66 = -4*s, -4*s - 2*u = -n*u - 63. Calculate the remainder when s is divided by -1 - -7 - (-4)/((-2)/1).
3
Let w = -21 + 85. Let t = -10 + w. Let v = t - 25. What is the remainder when v is divided by 8?
5
Let h = 386 - 203. Calculate the remainder when h is divided by 47.
42
Let z(y) be the third derivative of 3*y**5/20 - 5*y**4/12 + 17*y**3/6 + 10*y**2. What is the remainder when z(3) is divided by 18?
14
Let j(q) be the first derivative of q**4/2 + q**3/3 + q**2 - 4*q - 19. What is the remainder when j(2) is divided by 13?
7
Let i(a) = -a**2 - 2*a + 4. Let n = -1 + -3. Let v be i(n). What is the remainder when 6 is divided by 56/16 + 2/v?
0
Let o(j) = -8*j. Suppose 49*m - 236*m + 117*m = -1050. Calculate the remainder when m is divided by o(-1).
7
Let t be (-192)/(-20) + 3/(-5). Suppose 12 = 3*q + u - 5*u, 2*u = -4*q + 38. What is the remainder when ((-15)/2)/(t/(-18)) is divided by q?
7
Let p = -29 + 32. Suppose 3 = -3*n, -p*n = 2*l - 150 + 31. Suppose -3*v = -v - 42. Calculate the remainder when l is divided by v.
19
Suppose -10*n + 24 = -6*n. Calculate the remainder when 41 is divided by -2 - (-81)/n - 1/2.
8
Suppose i - 17 = 2*x, -3*i + 46 = 3*x - 4*x. Calculate the remainder when 51 is divided by i.
6
Suppose 12*b - 13*b + 203 = 4*i, 2*i - 114 = 2*b. Calculate the remainder when 100 is divided by i.
48
Let d(w) = -w**2 + 16*w - 20. Calculate the remainder when d(6) is divided by 18.
4
Suppose -64 = -14*m - 2*m. Suppose -m*n - t + 49 + 15 = 0, 3*n - 48 = 5*t. Calculate the remainder when 58 is divided by n.
10
Let j be (-212)/(-36) - (-1)/9. Suppose -3*o - r = -j*o + 40, 0 = -5*o + r + 68. What is the remainder when 18 is divided by o?
4
Let g be 4 + (-2)/6*-3. Suppose r - 27 = -g*f, f - 39 = -3*r - 0*f. Calculate the remainder when 25 is divided by (r - 1) + (1 - -2).
11
Suppose 5*o - 3*o + 246 = s, 0 = -2*o + 10. Let h = s - 162. Calculate the remainder when h is divided by 24.
22
Suppose 0 = -4*t + 16, -4*m - 14*t + 10*t + 32 = 0. Let g(w) = 2*w**2 - 3*w + 3. Calculate the remainder when g(2) is divided by m.
1
Let n(u) = -6*u - 4*u - 22 + 18. What is the remainder when n(-2) is divided by 6?
4
Let y = -279 + 347. What is the remainder when 211 is divided by y?
7
Let w(c) = 6*c**3 + 4*c**2 - c - 3. Let t(a) = -a**3 - 19*a**2 - 17*a + 20. Let f be t(-18). Calculate the remainder when w(f) is divided by 31.
28
Let m = -11 + 59. Suppose 2*b - 30 = -2*x, 3*b - 10*x + 11*x = 51. Calculate the remainder when m is divided by b.
12
Let o = -153 - -229. Let b = -59 + o. Calculate the remainder when 118 is divided by b.
16
Let p = -47 + 26. Let w = 36 + p. Calculate the remainder when 57 is divided by w.
12
Calculate the remainder when 106 is divided by 12*-11*7/(-231).
2
Suppose 60 = -5*k + 2*k. Let c = k + 29. Calculate the remainder when 34 is divided by c.
7
Calculate the remainder when (-472)/(-18) + (-12)/54 is divided by (6 + -7)*(-3)/2*6.
8
Let j = -36 - 27. Let x = 42 + j. Let o = x + 93. Calculate the remainder when o is divided by 25.
22
Let c(m) be the first derivative of 3*m**2/2 - 6*m + 1. Let n = -2702 - -2746. What is the remainder when n is divided by c(5)?
8
Suppose 2*o - 9 = -3*t - 0, 16 = 2*o - 4*t. Suppose 44*j - 4*s + 34 = 46*j, 4 = 4*s. Calculate the remainder when j is divided by o.
3
Let t(f) = -f**2 + 1. Let z(w) = -4*w**2 + 10*w + 11. Let x(h) = 5*t(h) - z(h). Calculate the remainder when x(-8) is divided by 4.
2
Suppose 4 = 3*z + 4*m, 2*m - 1 = 2*z + m. Suppose z*y + 32 = 4*y. What is the remainder when 20 is divided by y?
4
Suppose v = -4*w - 21 + 51, 5*v + 4*w - 86 = 0. Suppose 4*x + 4*p = 3*x + 41, 2*x = -p + 54. Let k = x - v. What is the remainder when 20 is divided by k?
9
Suppose -5*y - 89 + 289 = 0. Let g(j) = -j**2 + j - 1. Let z be g(0). Let c(m) = -22*m**3 - m**2 + m + 1. Calculate the remainder when y is divided by c(z).
19
Let d(p) = -p + 2. Let x be d(-2). Suppose -3*h = -x*h + 4, -2*w = -5*h + 10. Calculate the remainder when w is divided by 4.
1
Let g(c) = -17*c**2 - 24 - c**3 + 6 - 18*c - 3. Suppose u - 2*u = -42. Calculate the remainder when u is divided by g(-16).
9
Suppose -5*j - 5*o + o = -11, -2*o + 4 = 2*j. Suppose 0 = 3*a - 2*x - 66, a - x + j*x = 22. Calculate the remainder when a is divided by (-16)/6*3/(-1).
6
Let c be ((-20)/(-6))/(2/6). Suppose 0 = 3*d + 5*g + 3 + c, -d + g + 9 = 0. Let j = 271 + -266. Calculate the remainder when j is divided by d.
1
Suppose p + 3*p + 4*a - 1540 = 0, -3*a - 1179 = -3*p. Calculate the remainder when p is divided by 30.
29
Let a(o) = -o**2 + o + 2. Let n be a(2). Suppose -h + 0*h + 16 = n. What is the remainder when 9/((-360)/16) + (-4)/(-10) - -29 is divided by h?
13
Let h = -14 + 3. Let w(m) = -m**2 - 12*m + 5. Let o be w(h). Let g = -3 + o. Calculate the remainder when 36 is divided by g.
10
Let g(m) = 31*m + 124. Let h be g(-4). Let i be 88 - 2*(0 - 1). Suppose h = y - 6*y + i. What is the remainder when y is divided by 7?
4
Suppose -3*f = -r - 2*f + 16, 0 = 2*f + 8. Calculate the remainder when 166 is divided by r.
10
Let j = -114 + 215. What is the remainder when 295 is divided by j?
93
Let q(u) = u + 9. Let a be q(7). Let p be (a/(-20))/(6/15). Calculate the remainder when 78 is divided by (8/(-5))/p*25.
18
Let q(t) be the first derivative of -t**3/3 - 7*t**2 - 18*t + 3. Let f be q(-12). Let y = 12 + f. Calculate the remainder when 34 is divided by y.
16
Suppose -f - 23 - 9 = -3*h, 0 = h + 5*f - 32. Let q(d) = -d**3 + 28*d**2 - 28*d + 64. Calculate the remainder when q(27) is divided by -1 + h - (-1 - -2).
7
Suppose -11*f - 2079 = -2266. Calculate the remainder when 1375 is divided by f.
15
Suppose 0 = -6*y + y + 95. Suppose 0 = k - 0*k - y. Suppose -5 = 5*w, 0*w + 5*w - k = -2*x. What is the remainder when 35 is divided by x?
11
Let g = -35 - -189. Suppose -704 = -10*d - g. Calculate the remainder when d is divided by 14.
13
Suppose 0 = 33*g - 20*g - 1651. Calculate the remainder when g is divided by 19.
13
Calculate the remainder when 105 is divided by ((-36)/10)/((-5)/(24 - -1)).
15
Suppose 3*f = n + 7*f - 7, 0 = 3*n - 2*f - 49. Suppose 2*r - 5*m = -m + 128, -4*r - 5*m + 308 = 0. What is the remainder when r is divided by n?
12
Let k(t) = -t + 7. Suppose -7*y + 486 = -4. What is the remainder when y is divided by k(-5)?
10
Let u(z) = 13*z + 1. Let g(o) = -11*o - 1. Let d(r) = 6*g(r) + 5*u(r). What is the remainder when ((-1)/2)/(2/(-64)) is divided by d(-6)?
1
Let d be (-4)/6*(-18)/(-3). Let m be (d - -146)/2 - 1. Let t = m + -46. Calculate the remainder when t is divided by 14.
10
Let m = -867 + 1106. What is the remainder when m is divided by 62?
53
Let s(g) = 3*g**2 - 12*g + 60. Calculate the remainder when s(6) is divided by 87.
9
Calculate the remainder when 63/14 + 2/(-4) - -253 is divided by 29.
25
Suppose 13*u = 10*u + 576. Let j = u + -134. Calculate the remainder when j is divided by 20.
18
Let a = -56 - -56. Suppose -2*j + 176 = 2*s + 2*s, a = -s. What is the remainder when j is divided by 15?
13
Let t(m) = -2*m - 2*m - 19 - 12. What is the remainder when 39 is divided by t(-13)?
18
Suppose